is divided by 36.
30
What is the remainder when 249548 is divided by 217?
215
What is the remainder when 100606 is divided by 24?
22
Calculate the remainder when 3556 is divided by 343.
126
What is the remainder when 7438 is divided by 52?
2
What is the remainder when 3536 is divided by 12?
8
What is the remainder when 21824 is divided by 7214?
182
Calculate the remainder when 204631 is divided by 68092.
355
Calculate the remainder when 36272 is divided by 16.
0
What is the remainder when 6659 is divided by 53?
34
Calculate the remainder when 31420 is divided by 21.
4
Calculate the remainder when 3337 is divided by 1074.
115
What is the remainder when 3239 is divided by 1152?
935
Calculate the remainder when 10980 is divided by 3660.
0
What is the remainder when 2281 is divided by 320?
41
What is the remainder when 23433 is divided by 62?
59
What is the remainder when 8046 is divided by 2671?
33
Calculate the remainder when 281111 is divided by 20079.
5
What is the remainder when 51572 is divided by 39?
14
Calculate the remainder when 10581 is divided by 96.
21
What is the remainder when 11526 is divided by 503?
460
Calculate the remainder when 38806 is divided by 88.
86
Calculate the remainder when 413 is divided by 205.
3
Calculate the remainder when 81427 is divided by 312.
307
What is the remainder when 182919 is divided by 66?
33
What is the remainder when 11758 is divided by 3909?
31
Calculate the remainder when 7912 is divided by 11.
3
Calculate the remainder when 384 is divided by 15.
9
What is the remainder when 8656 is divided by 782?
54
Calculate the remainder when 27290 is divided by 1240.
10
Calculate the remainder when 3883107 is divided by 246.
243
Calculate the remainder when 52619 is divided by 474.
5
What is the remainder when 8617 is divided by 16?
9
Calculate the remainder when 2645493 is divided by 21.
18
Calculate the remainder when 5058 is divided by 314.
34
Calculate the remainder when 4899 is divided by 7.
6
What is the remainder when 76734 is divided by 2842?
0
What is the remainder when 1672 is divided by 808?
56
What is the remainder when 311 is divided by 5?
1
What is the remainder when 3271 is divided by 1268?
735
What is the remainder when 87 is divided by 56?
31
What is the remainder when 38155 is divided by 3468?
7
What is the remainder when 70740 is divided by 17685?
0
Calculate the remainder when 10316 is divided by 498.
356
What is the remainder when 567576 is divided by 481?
477
Calculate the remainder when 88350 is divided by 14724.
6
What is the remainder when 64765 is divided by 122?
105
Calculate the remainder when 2795038 is divided by 20.
18
Calculate the remainder when 8389 is divided by 8245.
144
Calculate the remainder when 850 is divided by 204.
34
What is the remainder when 46754 is divided by 240?
194
Calculate the remainder when 87273 is divided by 14.
11
What is the remainder when 5529 is divided by 1381?
5
Calculate the remainder when 5654 is divided by 810.
794
Calculate the remainder when 5201 is divided by 275.
251
Calculate the remainder when 1104 is divided by 541.
22
What is the remainder when 2295 is divided by 1143?
9
Calculate the remainder when 9620 is divided by 547.
321
Calculate the remainder when 22019 is divided by 22.
19
Calculate the remainder when 3296 is divided by 213.
101
Calculate the remainder when 61959 is divided by 68.
11
Calculate the remainder when 19717 is divided by 11.
5
Calculate the remainder when 981 is divided by 477.
27
What is the remainder when 78880 is divided by 148?
144
What is the remainder when 2093 is divided by 205?
43
Calculate the remainder when 344931 is divided by 254.
253
Calculate the remainder when 44378 is divided by 653.
627
Calculate the remainder when 4402 is divided by 403.
372
Calculate the remainder when 605596 is divided by 50.
46
Calculate the remainder when 543 is divided by 180.
3
What is the remainder when 37854 is divided by 3?
0
What is the remainder when 34927 is divided by 41?
36
Calculate the remainder when 109844 is divided by 98.
84
Calculate the remainder when 9534 is divided by 4.
2
What is the remainder when 1655775 is divided by 509?
507
Calculate the remainder when 339 is divided by 227.
112
Calculate the remainder when 53996 is divided by 25.
21
What is the remainder when 14987 is divided by 197?
15
Calculate the remainder when 19142 is divided by 6380.
2
What is the remainder when 59574 is divided by 59564?
10
Calculate the remainder when 60237 is divided by 182.
177
Calculate the remainder when 11348 is divided by 39.
38
What is the remainder when 3637 is divided by 3534?
103
What is the remainder when 2851 is divided by 257?
24
What is the remainder when 2062943 is divided by 456?
455
What is the remainder when 22854 is divided by 653?
652
What is the remainder when 562 is divided by 78?
16
What is the remainder when 4083 is divided by 1338?
69
What is the remainder when 118374 is divided by 118345?
29
What is the remainder when 4551 is divided by 303?
6
What is the remainder when 1714 is divided by 177?
121
Calculate the remainder when 191816 is divided by 95901.
14
Calculate the remainder when 23620 is divided by 225.
220
What is the remainder when 22876 is divided by 241?
222
What is the remainder when 669 is divided by 69?
48
What is the remainder when 883397 is divided by 87?
86
Calculate the remainder when 6973834 is divided by 292.
290
What is the remainder when 2963 is divided by 727?
55
What is the remainder when 20256 is divided by 34?
26
What is the remainder when 10914 is divided by 843?
798
Calculate the remainder when 341423 is divided by 26.
17
What is the remainder when 12206 is divided by 11?
7
What is the remainder when 83172 is divided by 45?
12
Calculate the remainder when 49625 is divided by 159.
17
Calculate the remainder when 5776 is divided by 28.
8
What is the remainder when 2741 is divided by 21?
11
Calculate the remainder when 56652 is divided by 1112.
1052
Calculate the remainder when 44980 is divided by 451.
331
What is the remainder when 72656 is divided by 621?
620
Calculate the remainder when 1324 is divided by 76.
32
Calculate the remainder when 13828 is divided by 228.
148
Calculate the remainder when 1103559 is divided by 18.
15
Calculate the remainder when 58574 is divided by 29215.
144
Calculate the remainder when 21507 is divided by 489.
480
What is the remainder when 860460 is divided by 215115?
0
What is the remainder when 5886 is divided by 22?
12
What is the remainder when 11075 is divided by 1575?
50
What is the remainder when 2785 is divided by 175?
160
What is the remainder when 188665 is divided by 37726?
35
What is the remainder when 16008 is divided by 671?
575
Calculate the remainder when 14844 is divided by 135.
129
What is the remainder when 1198 is divided by 440?
318
Calculate the remainder when 248 is divided by 125.
123
What is the remainder when 246838 is divided by 25?
13
Calculate the remainder when 1032 is divided by 79.
5
Calculate the remainder when 4388 is divided by 234.
176
What is the remainder when 13463 is divided by 364?
359
What is the remainder when 1561 is divided by 7?
0
What is the remainder when 2869 is divided by 919?
112
Calculate the remainder when 44 is divided by 27.
17
Calculate the remainder when 377134 is divided by 648.
646
What is the remainder when 149670 is divided by 238?
206
What is the remainder when 4176 is divided by 590?
46
Calculate the remainder when 8683 is divided by 391.
81
Calculate the remainder when 29702 is divided by 34.
20
Calculate the remainder when 227739 is divided by 662.
11
Calculate the remainder when 3175 is divided by 673.
483
Calculate the remainder when 6913 is divided by 336.
193
Calculate the remainder when 14027 is divided by 72.
59
Calculate the remainder when 1443 is divided by 105.
78
What is the remainder when 4775 is divided by 319?
309
What is the remainder when 1747 is divided by 849?
49
What is the remainder when 340098 is divided by 181?
180
Calculate the remainder when 107650 is divided by 3708.
118
Calculate the remainder when 108484 is divided by 580.
24
What is the remainder when 21749 is divided by 3620?
29
What is the remainder when 12958 is divided by 69?
55
Calculate the remain